e greatest common divisor of s and i?
16
Let g(t) = 4*t + 1. Let d be g(0). Calculate the greatest common divisor of 1 and d.
1
Suppose -3*p + 24 = -3. Let q(x) = -29*x + 8. Let r be q(p). Let w = 491 + r. Calculate the greatest common factor of 34 and w.
34
Let f = -8 - -12. Suppose -3*b = 2*u + 37, -u - f*b = 3*u + 72. Let x = -8 - u. Calculate the highest common factor of 72 and x.
9
Let o be 6/(-15)*2*-10. Let g be o*1 - (4 - 2). Calculate the greatest common divisor of 3 and g.
3
Let b = 30 - 18. Let j be (b*1)/(5/5). What is the greatest common factor of 12 and j?
12
Suppose 3*z = -4*a + 139 + 152, 2*z = -4*a + 294. What is the greatest common factor of 15 and a?
15
Let s(q) be the second derivative of -3*q**3/2 - 7*q**2/2 + q. Let n be s(-7). Suppose 3*g + n = 7*g. Calculate the highest common divisor of g and 7.
7
Let u be 4*((-7)/(-4) - (-6)/(-12)). Suppose -u*a + 204 = -a. Calculate the highest common divisor of 153 and a.
51
Let w be ((-1)/2)/(2/(-4)). Let g be (12/30)/(2/50). Let r be w - (2 - g - -4). Calculate the greatest common divisor of 55 and r.
5
Suppose 0*m - 36 = -3*m. Let r be 3 + 37 + -14 + 10. Calculate the highest common divisor of m and r.
12
Suppose 2 = 12*i - 11*i. What is the highest common divisor of i and 10?
2
Suppose -3*g - 8 - 7 = 0, o - 5*g - 34 = 0. Suppose -2*a - 2*a = 0. Suppose a*b = -2*b + 198. Calculate the highest common divisor of o and b.
9
Let j(x) = x**2 - 3*x + 2. Let l be j(2). Let v be (-8)/(-8)*(l + 8). What is the highest common divisor of 2 and v?
2
Let p(c) = c - 4. Let w be p(7). Let f be (-5)/15 - (-28)/w. Suppose -4*t - 100 = -f*t. Calculate the greatest common divisor of t and 10.
10
Let g be (-72)/(9 + -11) + -13. What is the highest common factor of 1081 and g?
23
Suppose 53 = 4*t + 3*c, 5*c - c - 14 = -2*t. What is the highest common factor of 595 and t?
17
Suppose 0 = 21*i + 609 - 2289. Calculate the greatest common divisor of i and 120.
40
Let i = 463 - 428. Calculate the highest common factor of i and 112.
7
Let z = 8 - 5. Suppose -66 = -z*f + 18. Let l = f - 14. Calculate the greatest common factor of 7 and l.
7
Suppose -2*o - o = -102. Suppose -4*g = -2*g + o. Let t = -5 - g. Calculate the greatest common factor of 12 and t.
12
Let g = 182 - 119. Let z be 9/1 + -3 + 1. What is the greatest common factor of z and g?
7
Let o(d) = 11*d + 34. Let q be o(-3). Suppose 2*b + 2*w - 33 = 5*w, 0 = -b - w + 4. Calculate the greatest common divisor of q and b.
1
Let z(d) = -d**2 + d + 4. Let o be z(3). Let n be (3 - 3) + (28 - o). Calculate the greatest common divisor of 12 and n.
6
Let f(t) = -t**3 + t**2 + 5*t + 5. Let b be f(-1). Suppose -3*d + 7*p - b*p = -30, -4*p = -3*d + 27. What is the greatest common factor of 2 and d?
1
Let u be (10/(-15) - -1)/((-6)/(-1134)). What is the greatest common divisor of 6 and u?
3
Let o(l) = -l**3 - 12*l**2 - 38*l - 6. Let u be o(-9). Calculate the greatest common divisor of u and 217.
31
Suppose 0 = 4*z - 12 - 4, 11 = -f + 5*z. Calculate the highest common divisor of 144 and f.
9
Suppose -2*c = -g + 21, 42 = -6*g + 9*g + c. Calculate the highest common divisor of g and 10.
5
Let o = -2 + 6. Let b = -4 + o. Suppose 5*d = -b*d + 270. Calculate the highest common divisor of 36 and d.
18
Suppose 2*v - 3*m = 17, -4*v + 27 = -0*m + m. Calculate the greatest common factor of 7 and v.
7
Let g be 3*-7*(-3)/9. Calculate the highest common divisor of 21 and g.
7
Let m be 3 + (2 - 10/2). Suppose m = b + 2*b - 108. Let d be (b/7)/((-2)/(-7)). Calculate the greatest common factor of 144 and d.
18
Suppose 4*a - 16 = b, 2*a - 7 - 7 = 2*b. Suppose 0 = 3*z + 2*w - 12, -a*z - z + 3*w + 16 = 0. What is the greatest common divisor of z and 12?
4
Let n = 64 - 40. Calculate the greatest common factor of n and 156.
12
Let g = 172 + -128. Calculate the highest common divisor of g and 198.
22
Suppose -3*k = -4*j - 39, -3*j + 3*k = 14 + 16. Suppose -18*p = -22*p - 4. Let z = p - j. Calculate the greatest common divisor of 40 and z.
8
Suppose -42 = 5*w - 2*j, w - 5*j + 3 = -10. Let q be (-372)/w - (-1)/2. Suppose 3*g - q = 7. Calculate the highest common factor of g and 6.
6
Suppose -29*z = -2*z - 2052. What is the greatest common divisor of z and 38?
38
Suppose 2*w - 874 = -4*y, 37 = 5*w + 12. What is the greatest common divisor of y and 48?
24
Let w = -19 + 19. Let x = 3 - 2. Let z be (-1)/(w/(-3) - x). Calculate the highest common divisor of 1 and z.
1
Suppose -2 - 4 = -3*n. Suppose n*k - 56 = 84. What is the highest common factor of 10 and k?
10
Let c(i) = -i**2 + 24*i - 51. Let f be c(21). Suppose -32 + 250 = 2*r - n, 5*r + 5*n = 530. What is the highest common factor of r and f?
12
Let b be 273 - (10/4 - 30/12). What is the highest common factor of b and 168?
21
Let w(a) = -a + 13. Let r be w(10). Suppose 4*f = -5*x + r*x + 34, -f + 3*x = 9. Calculate the highest common factor of f and 18.
6
Let d be -3 + 0 - (-8)/2 - -6. Suppose 0 = 3*a - 7*a + 24. Let m(t) = -t**3 + 7*t**2 - 4*t - 5. Let y be m(a). Calculate the greatest common factor of y and d.
7
Let t be 5 - (1 - 2 - (-3 - 0)). Suppose t*d + 3*s = 21, -2*d = 5*s - 5 - 3. What is the greatest common factor of 3 and d?
3
Let a(c) = 4*c - 3. Suppose 4*h = 2 + 10. Let q be a(h). Suppose -20*u + 140 = 86 - 126. What is the highest common divisor of u and q?
9
Let k = 1377 - 721. What is the highest common divisor of 246 and k?
82
Let c = 9 + 22. Suppose p - 103 = m + 25, 4*m + 636 = 5*p. Calculate the highest common divisor of c and p.
31
Let o = -1849 + 1951. Calculate the greatest common factor of o and 204.
102
Let f(i) = -60*i**3 + i**2 + 3*i + 2. Let r be f(-1). Calculate the highest common divisor of r and 36.
12
Let k(f) = -3*f + 56. Let i be k(18). Suppose -4 = -2*m - 0. Suppose -m*a + 112 = 2*j, i*a - j = -0*j + 100. What is the greatest common divisor of 130 and a?
26
Let z(y) = 18*y - 2. Let g be 3 + -7 + 0 + 8. Let t be z(g). Calculate the highest common divisor of 14 and t.
14
Let i(r) = -16*r**2 + 31*r**2 - 14*r**2 + 9 + 2*r. Let j be i(0). What is the greatest common divisor of 81 and j?
9
Let o be 8 + -9 + (1074 - -1). Suppose o + 1824 = 3*h. Let t be h/9 - 4/(-6). What is the highest common factor of 27 and t?
27
Suppose -230 = 5*a + 210. Let l = a + 106. Let i be 276/15 - (-4)/(-10). Calculate the highest common factor of i and l.
18
Let k be (-46 + 47)*(416/2 - 1). What is the highest common factor of k and 9?
9
Let a(y) = y**2 + 10*y + 13. Let p(v) = 5*v + 5. Let k be p(-4). Let z = k - -6. Let u be a(z). Calculate the greatest common factor of 12 and u.
4
Let y = 560 - 400. Let f = -2589 - -2653. Calculate the greatest common factor of f and y.
32
Let l = -374 + 563. Calculate the greatest common divisor of l and 168.
21
Let n be 1/(-5) + (-22)/(-10). Suppose -17 + 27 = n*u. Calculate the greatest common factor of 15 and u.
5
Suppose 0*d - 456 = -19*d. What is the greatest common factor of 60 and d?
12
Let w(z) = 2*z**2 + 3*z - 2. Let x be w(-5). Let q(a) = -2*a**2 + a + 5. Let p be q(-4). Let v = 64 + p. What is the highest common divisor of v and x?
33
Suppose 12*a - 10*a = -198. Let c = 136 + a. Calculate the highest common divisor of 407 and c.
37
Let i(w) = w**3 - 5*w**2 + 8*w - 8. Suppose 20 = 9*x - 4*x. Let q be i(x). What is the greatest common divisor of q and 40?
8
Let w(r) = 46*r - 286. Let g be w(21). Calculate the highest common divisor of 120 and g.
40
Let s = -7 + 10. Suppose 0 = -s*u + 3 + 3. Suppose -u*j = -5*n + n, -3*n + 9 = 0. What is the highest common factor of j and 3?
3
Let q(l) = 31*l**2 - 5*l + 5. Let c be q(3). Let f = c + -119. Calculate the greatest common divisor of f and 30.
30
Let y(d) = 8*d**2 + d. Let i be y(-2). Let c(g) = g**3 - 5*g**2 + 7*g - 6. Let n be c(4). Suppose -126 = -n*s - 6. What is the highest common factor of s and i?
10
Suppose 4*p - 2*p = 4*t + 60, -55 = -4*p - 5*t. Let l be (-19)/133 + 1263/21. Calculate the greatest common factor of p and l.
20
Let j = -764 - -787. Let z(r) = -r**3 + r**2 - 6*r + 4. Let q be 185/(-35) + 2/7. Let o be z(q). What is the greatest common factor of j and o?
23
Let a = 12 - 0. Suppose 155 = 5*j + 4*v - 56, -3*j + 109 = -2*v. Suppose -3*w = 2*r - 103 + j, -3*w = 4*r - 74. Calculate the highest common divisor of a and w